029.
37, 4217
What are the prime factors of 158674?
2, 79337
List the prime factors of 1033195.
5, 206639
What are the prime factors of 23508326?
2, 149, 78887
List the prime factors of 209036.
2, 52259
What are the prime factors of 611221?
13, 47017
List the prime factors of 29706.
2, 3, 4951
What are the prime factors of 1126662?
2, 3, 19, 9883
List the prime factors of 6016685.
5, 23, 113, 463
What are the prime factors of 973051?
973051
What are the prime factors of 13316744?
2, 7, 37, 6427
List the prime factors of 576940.
2, 5, 7, 13, 317
What are the prime factors of 583273?
583273
List the prime factors of 3702834.
2, 3, 19, 401
What are the prime factors of 100894?
2, 61, 827
What are the prime factors of 6474949?
13, 498073
What are the prime factors of 18484?
2, 4621
What are the prime factors of 801244?
2, 17, 11783
List the prime factors of 15190.
2, 5, 7, 31
List the prime factors of 7285662.
2, 3, 43, 9413
What are the prime factors of 468932?
2, 59, 1987
What are the prime factors of 11667403?
11, 1060673
List the prime factors of 24837.
3, 17, 487
What are the prime factors of 904696?
2, 13, 8699
What are the prime factors of 42593?
191, 223
What are the prime factors of 27903031?
13, 2146387
List the prime factors of 6303283.
7, 37, 24337
List the prime factors of 9741207.
3, 7, 463867
What are the prime factors of 10031335?
5, 19, 23, 4591
List the prime factors of 1721908.
2, 61, 7057
List the prime factors of 8758903.
8758903
List the prime factors of 2659148.
2, 229, 2903
What are the prime factors of 3472305?
3, 5, 83, 2789
List the prime factors of 63566.
2, 37, 859
List the prime factors of 130220.
2, 5, 17, 383
What are the prime factors of 11971227?
3, 101, 39509
What are the prime factors of 422148?
2, 3, 127, 277
List the prime factors of 1886595.
3, 5, 29, 4337
List the prime factors of 366494.
2, 183247
What are the prime factors of 49564?
2, 12391
What are the prime factors of 76258?
2, 7, 13, 419
List the prime factors of 2452597.
7, 50053
What are the prime factors of 246041?
17, 41, 353
What are the prime factors of 462417?
3, 17, 9067
List the prime factors of 63955.
5, 12791
List the prime factors of 30760633.
17, 1809449
What are the prime factors of 234899?
7, 23, 1459
List the prime factors of 13403873.
7, 19, 31, 3251
What are the prime factors of 499130?
2, 5, 19, 37, 71
What are the prime factors of 173919?
3, 57973
List the prime factors of 6134180.
2, 5, 13, 23593
What are the prime factors of 1454857?
1103, 1319
List the prime factors of 110197.
263, 419
What are the prime factors of 20199608?
2, 11, 13, 17657
What are the prime factors of 1019770?
2, 5, 101977
What are the prime factors of 8564049?
3, 13, 2711
List the prime factors of 10164395.
5, 2032879
List the prime factors of 6421978.
2, 1049, 3061
What are the prime factors of 108588?
2, 3, 9049
What are the prime factors of 38617385?
5, 7723477
List the prime factors of 12425.
5, 7, 71
List the prime factors of 4147061.
23, 180307
What are the prime factors of 981165?
3, 5, 149, 439
List the prime factors of 166378.
2, 41, 2029
List the prime factors of 207056.
2, 12941
What are the prime factors of 629576?
2, 78697
List the prime factors of 763421.
37, 47, 439
What are the prime factors of 215012?
2, 7, 1097
What are the prime factors of 317023?
7, 45289
List the prime factors of 1117284.
2, 3, 7, 47, 283
What are the prime factors of 22316002?
2, 17, 38609
What are the prime factors of 8906094?
2, 3, 494783
What are the prime factors of 14230592?
2, 43, 5171
What are the prime factors of 26125148?
2, 7, 23, 113, 359
What are the prime factors of 355805?
5, 71161
What are the prime factors of 466330?
2, 5, 46633
List the prime factors of 170160.
2, 3, 5, 709
List the prime factors of 346788.
2, 3, 13, 19
What are the prime factors of 2054064?
2, 3, 42793
What are the prime factors of 377815?
5, 19, 41, 97
List the prime factors of 263095.
5, 7, 7517
What are the prime factors of 5149953?
3, 23, 8293
List the prime factors of 18699934.
2, 11, 849997
What are the prime factors of 15935114?
2, 13, 612889
What are the prime factors of 8345018?
2, 11, 379319
What are the prime factors of 4489837?
11, 191, 2137
What are the prime factors of 98351?
11, 8941
List the prime factors of 3256827.
3, 7, 155087
What are the prime factors of 22575798?
2, 3, 7, 179173
What are the prime factors of 925358?
2, 7, 157, 421
List the prime factors of 7203556.
2, 1800889
What are the prime factors of 8119690?
2, 5, 23, 43, 821
List the prime factors of 1387314.
2, 3, 23, 1117
List the prime factors of 2725631.
53, 51427
List the prime factors of 7678130.
2, 5, 767813
List the prime factors of 14363629.
7, 2051947
What are the prime factors of 27987975?
3, 5, 53, 2347
What are the prime factors of 1099726?
2, 549863
What are the prime factors of 354592?
2, 7, 1583
What are the prime factors of 8686497?
3, 1033, 2803
List the prime factors of 2821558.
2, 17, 31, 2677
What are the prime factors of 826234?
2, 17, 19, 1279
List the prime factors of 4577762.
2, 7, 326983
What are the prime factors of 166658?
2, 23, 3623
What are the prime factors of 15666936?
2, 3, 311, 2099
List the prime factors of 292744.
2, 23, 37, 43
What are the prime factors of 2823547?
17, 41, 4051
What are the prime factors of 1171321?
23, 127, 401
List the prime factors of 20426838.
2, 3, 3404473
List the prime factors of 6057098.
2, 971, 3119
List the prime factors of 49027.
11, 4457
What are the prime factors of 39335?
5, 7867
What are the prime factors of 11375063?
7, 107, 15187
What are the prime factors of 318850?
2, 5, 7, 911
What are the prime factors of 77104?
2, 61, 79
List the prime factors of 300130.
2, 5, 30013
List the prime factors of 245035.
5, 7, 7001
What are the prime factors of 113193?
3, 12577
What are the prime factors of 377207?
19, 19853
What are the prime factors of 1647673?
1647673
What are the prime factors of 1982189?
11, 79, 2281
List the prime factors of 129911.
163, 797
What are the prime factors of 2471789?
1481, 1669
What are the prime factors of 6114489?
3, 2038163
What are the prime factors of 1440675?
3, 5, 19, 337
What are the prime factors of 2280922?
2, 7, 191, 853
What are the prime factors of 12822254?
2, 461, 13907
List the prime factors of 1289257.
47, 27431
List the prime factors of 221958.
2, 3, 11, 19, 59
What are the prime factors of 933361?
11, 13, 61, 107
What are the prime factors of 1459828?
2, 163, 2239
List the prime factors of 2446075.
5, 97843
What are the prime factors of 97756?
2, 24439
List the prime factors of 25483259.
47, 542197
What are the prime factors of 6731244?
2, 3, 13, 19, 757
What are the prime factors of 21617870?
2, 5, 2161787
What are the prime factors of 23218015?
5, 73, 63611
What are the prime factors of 279049?
173, 1613
What are the prime factors of 787326?
2, 3, 131221
What are the prime factors of 10782701?
10782701
List the prime factors of 378647.
79, 4793
What are the prime factors of 1144868?
2, 79, 3623
What are the prime factors of 1406469?
3, 379, 1237
What are the prime factors of 19273215?
3, 5, 13, 98837
What are the prime factors of 12542048?
2, 391939
What are the prime factors of 4270584?
2, 3, 107, 1663
List the prime factors of 330651.
3, 36739
List the prime factors of 79301.
79301
What are the prime factors of 119963?
119963
List the prime factors of 361598.
2, 180799
List the prime factors of 20540733.
3, 53, 129187
List the prime factors of 3384410.
2, 5, 107, 3163
What are the prime factors of 6486370?
2, 5, 11, 58967
List the prime factors of 269092.
2, 67273
What are the prime factors of 334614?
2, 3, 7, 31, 257
What are the prime factors of 2203275?
3, 5, 29, 1013
What are the prime factors of 1581253?
73, 21661
List the prime factors of 1141339.
37, 109, 283
What are the prime factors of 70655?
5, 13, 1087
List the prime factors of 1525845.
3, 5, 101723
List the prime factors of 1943934.
2, 3, 53, 6113
What are the prime factors of 2361834?
2, 3, 131213
What are the prime factors of 1110821?
1110821
List the prime factors of 7617855.
3, 5, 7, 72551
What are the prime factors of 3543449?
7, 13, 23, 1693
List the prime factors of 18629365.
5, 17, 219169
What are the prime factors of 74